greatest common factor of 603 and 144?
9
Calculate the greatest common divisor of 1424 and 64.
16
What is the highest common divisor of 3 and 81?
3
Calculate the greatest common factor of 101 and 4343.
101
What is the greatest common divisor of 45 and 417?
3
What is the greatest common divisor of 105 and 63?
21
Calculate the highest common factor of 188 and 235.
47
What is the greatest common factor of 20 and 1030?
10
What is the highest common divisor of 1769 and 183?
61
Calculate the greatest common factor of 791 and 4181.
113
Calculate the highest common divisor of 11 and 1177.
11
Calculate the greatest common divisor of 33 and 36.
3
Calculate the highest common factor of 453 and 3.
3
What is the greatest common divisor of 14 and 189?
7
Calculate the highest common factor of 846 and 940.
94
What is the greatest common divisor of 2842 and 3654?
406
Calculate the greatest common divisor of 5120 and 1792.
256
What is the highest common divisor of 59088 and 48?
48
What is the highest common factor of 7285 and 94?
47
What is the greatest common divisor of 85 and 4420?
85
Calculate the highest common factor of 483 and 63.
21
What is the highest common factor of 78 and 91?
13
What is the greatest common factor of 238 and 98?
14
What is the highest common divisor of 152 and 2185?
19
What is the greatest common divisor of 1 and 62?
1
Calculate the highest common factor of 6 and 54.
6
What is the highest common factor of 230 and 40?
10
Calculate the greatest common factor of 20 and 70.
10
What is the greatest common divisor of 1696 and 4982?
106
What is the highest common factor of 17672 and 752?
376
Calculate the greatest common divisor of 88 and 198.
22
What is the greatest common factor of 1143 and 27?
9
What is the greatest common divisor of 105 and 225?
15
Calculate the greatest common factor of 61 and 793.
61
What is the highest common divisor of 160 and 10?
10
Calculate the greatest common divisor of 18 and 342.
18
What is the greatest common factor of 24 and 12?
12
Calculate the highest common factor of 16 and 496.
16
Calculate the greatest common divisor of 402 and 6.
6
Calculate the highest common divisor of 291 and 485.
97
What is the highest common factor of 498 and 83?
83
What is the highest common divisor of 858 and 264?
66
Calculate the highest common divisor of 518 and 74.
74
Calculate the highest common factor of 294 and 3.
3
What is the highest common factor of 5239 and 26?
13
Calculate the highest common divisor of 228 and 3116.
76
What is the greatest common divisor of 8034 and 390?
78
Calculate the highest common factor of 413 and 59.
59
Calculate the greatest common divisor of 1071 and 765.
153
What is the greatest common factor of 408 and 192?
24
What is the highest common divisor of 268 and 201?
67
What is the greatest common factor of 50 and 850?
50
Calculate the greatest common factor of 11528 and 88.
88
What is the highest common divisor of 26 and 15782?
26
What is the greatest common divisor of 184 and 414?
46
What is the greatest common factor of 12600 and 560?
280
What is the highest common factor of 2725 and 200?
25
Calculate the greatest common divisor of 188 and 3149.
47
What is the greatest common factor of 10 and 1490?
10
What is the highest common factor of 37758 and 87?
87
What is the highest common factor of 8 and 2592?
8
What is the greatest common factor of 369 and 441?
9
What is the highest common divisor of 212 and 583?
53
Calculate the greatest common divisor of 403 and 52.
13
What is the highest common factor of 41 and 27019?
41
What is the greatest common divisor of 1467 and 1793?
163
What is the highest common divisor of 114 and 38?
38
Calculate the highest common factor of 19 and 4104.
19
Calculate the highest common factor of 1150 and 25.
25
Calculate the greatest common factor of 177 and 26491.
59
Calculate the greatest common divisor of 2526 and 18.
6
What is the highest common factor of 14075 and 50?
25
Calculate the greatest common divisor of 270 and 918.
54
What is the highest common divisor of 190 and 665?
95
Calculate the highest common factor of 28 and 100.
4
Calculate the greatest common factor of 515 and 15.
5
What is the greatest common divisor of 12 and 11262?
6
What is the highest common factor of 20 and 540?
20
Calculate the highest common divisor of 416 and 32.
32
Calculate the greatest common divisor of 130 and 1865.
5
What is the greatest common divisor of 990 and 230?
10
Calculate the greatest common factor of 876 and 36.
12
Calculate the greatest common divisor of 1911 and 3731.
91
What is the greatest common divisor of 355 and 71?
71
Calculate the greatest common divisor of 418 and 76.
38
Calculate the greatest common divisor of 616 and 275.
11
Calculate the greatest common factor of 180 and 144.
36
What is the greatest common divisor of 5337 and 27?
9
What is the greatest common factor of 6 and 978?
6
Calculate the greatest common divisor of 63 and 18.
9
What is the highest common factor of 56 and 126?
14
What is the highest common factor of 133 and 38?
19
What is the highest common divisor of 67 and 737?
67
What is the highest common factor of 448 and 1400?
56
What is the greatest common factor of 5456 and 528?
176
What is the highest common divisor of 2405 and 585?
65
Calculate the greatest common divisor of 9884 and 56.
28
Calculate the highest common divisor of 512 and 64.
64
What is the highest common factor of 338 and 104?
26
Calculate the greatest common divisor of 4912 and 2.
2
Calculate the highest common factor of 16256 and 128.
128
What is the highest common divisor of 66 and 54?
6
Calculate the highest common factor of 109 and 54391.
109
Calculate the highest common factor of 39923 and 74.
37
Calculate the greatest common factor of 320 and 570.
10
What is the greatest common factor of 611 and 2397?
47
What is the highest common factor of 264 and 11?
11
What is the highest common divisor of 625 and 25?
25
Calculate the highest common divisor of 1071 and 63.
63
Calculate the greatest common divisor of 22 and 84.
2
What is the highest common divisor of 9789 and 39?
39
Calculate the greatest common divisor of 15 and 1680.
15
Calculate the highest common factor of 74 and 386.
2
What is the highest common divisor of 579 and 6?
3
What is the highest common divisor of 61 and 1037?
61
What is the greatest common factor of 133 and 7?
7
Calculate the greatest common factor of 3 and 192.
3
Calculate the highest common divisor of 3910 and 345.
115
Calculate the highest common factor of 56 and 40.
8
What is the highest common divisor of 1392 and 72?
24
What is the highest common factor of 11 and 99?
11
What is the highest common factor of 114 and 384?
6
Calculate the greatest common factor of 170 and 102.
34
What is the highest common divisor of 65 and 10?
5
Calculate the highest common divisor of 20 and 140.
20
What is the greatest common factor of 59 and 2?
1
Calculate the highest common factor of 10788 and 24.
12
What is the greatest common factor of 42 and 96?
6
What is the highest common divisor of 1164 and 12?
12
Calculate the highest common factor of 42 and 4.
2
What is the greatest common factor of 33 and 473?
11
Calculate the greatest common factor of 10 and 5030.
10
Calculate the highest common divisor of 29490 and 30.
30
Calculate the greatest common factor of 2 and 122.
2
What is the greatest common divisor of 68003 and 13?
13
What is the greatest common divisor of 42 and 231?
21
What is the highest common divisor of 1580 and 190?
10
What is the greatest common divisor of 152 and 2394?
38
What is the greatest common divisor of 4920 and 720?
120
Calculate the greatest common factor of 931 and 35.
7
What is the greatest common factor of 354 and 6?
6
Calculate the greatest common factor of 3073 and 42.
7
Calculate the highest common divisor of 496 and 48.
16
What is the greatest common factor of 136 and 16?
8
What is the greatest common divisor of 2560 and 40?
40
Calculate the greatest common divisor of 1155 and 420.
105
What is the greatest common divisor of 1055 and 5?
5
What is the greatest common divisor of 27 and 3?
3
What is the greatest common factor of 77 and 518?
7
Calculate the highest common divisor of 322 and 70.
14
Calculate the greatest common divisor of 94